is 5 - 27?
-22
In base 16, what is 435 - 21?
414
In base 15, what is 1 + 141?
142
In base 3, what is 11212 - 12011?
-22
In base 2, what is -1100000 - 1001?
-1101001
In base 4, what is -2 - -1120?
1112
In base 15, what is -241 + 2?
-23e
In base 15, what is 2 - 197?
-195
In base 16, what is ee + -c?
e2
In base 3, what is -1 - -1202?
1201
In base 16, what is -5 + 665?
660
In base 8, what is -1 - 2?
-3
In base 2, what is 100110 - 1?
100101
In base 11, what is -a + 5?
-5
In base 12, what is -13 - 8?
-1b
In base 2, what is -1110 + 1101011?
1011101
In base 14, what is -80 + 7?
-77
In base 11, what is -158 - -5?
-153
In base 13, what is -9b - -4?
-97
In base 8, what is 4 + 221?
225
In base 15, what is -5 - -1a6?
1a1
In base 6, what is -4 - -33?
25
In base 5, what is 0 + 1?
1
In base 12, what is 2 - -73?
75
In base 15, what is 20 + -8?
17
In base 3, what is 11 - 20001?
-12220
In base 16, what is -4 - 349?
-34d
In base 12, what is 1 - 93?
-92
In base 8, what is -62 - -1?
-61
In base 15, what is 3 + -9?
-6
In base 11, what is -5 + -24?
-29
In base 9, what is 0 + 1541?
1541
In base 8, what is -14 + 122?
106
In base 13, what is 1 - 54?
-53
In base 16, what is 10 - d0?
-c0
In base 2, what is 110111010110001 - 100?
110111010101101
In base 10, what is -27 - -24?
-3
In base 5, what is -2221 - -2?
-2214
In base 15, what is -1 + -8?
-9
In base 15, what is -4 + 1384?
1380
In base 8, what is 2 - 4415?
-4413
In base 8, what is -55 - 44?
-121
In base 12, what is 8 - -15?
21
In base 11, what is 356 - 19?
338
In base 6, what is 3 - -152?
155
In base 14, what is -9 - 436?
-441
In base 7, what is -1125 + -1?
-1126
In base 7, what is 44 - 201?
-124
In base 13, what is 3 - b7c?
-b79
In base 2, what is -1101110 + 101011?
-1000011
In base 8, what is -1654 - 1?
-1655
In base 4, what is -30 + -220?
-310
In base 2, what is -11011101110 + -10?
-11011110000
In base 15, what is -30 - 22?
-52
In base 8, what is -646 - -1?
-645
In base 10, what is -29 + 6?
-23
In base 3, what is -10211 + 12?
-10122
In base 7, what is -43 - 2?
-45
In base 14, what is 1 + 16?
17
In base 11, what is -a3 - -3?
-a0
In base 2, what is 10001100 + 1001?
10010101
In base 9, what is -2 + -100?
-102
In base 7, what is -320 - -2?
-315
In base 6, what is 135 - 0?
135
In base 8, what is 3 - -415?
420
In base 11, what is -492 + 1?
-491
In base 5, what is -3 - -14?
11
In base 2, what is -111100101011 + -1?
-111100101100
In base 12, what is -2b - -5?
-26
In base 14, what is 2 - -365?
367
In base 4, what is 220 - 2003?
-1123
In base 7, what is 642 + 0?
642
In base 8, what is 2 - 147?
-145
In base 7, what is -1 - -4210?
4206
In base 16, what is 4 + -100?
-fc
In base 14, what is 3b - 0?
3b
In base 12, what is -4 + 92?
8a
In base 8, what is 361 - -2?
363
In base 10, what is -8 - 38?
-46
In base 14, what is -20 + -206?
-226
In base 9, what is 4 - 1?
3
In base 15, what is d + -5?
8
In base 5, what is -1230 + -103?
-1333
In base 7, what is 4 - -134?
141
In base 3, what is 22 + -1?
21
In base 11, what is 1 + -831?
-830
In base 5, what is 112 + 1421?
2033
In base 14, what is 85 - 23?
62
In base 8, what is -2 + -763?
-765
In base 6, what is 2 - 4?
-2
In base 16, what is 0 + 2e?
2e
In base 12, what is -b8 + -3?
-bb
In base 3, what is 1221 + 121?
2112
In base 15, what is 3 + 247?
24a
In base 16, what is d - 4?
9
In base 11, what is 0 - 47?
-47
In base 7, what is -1312 + -1?
-1313
In base 9, what is 88 + 0?
88
In base 3, what is -1200021 - 11?
-1200102
In base 11, what is 4855 + 2?
4857
In base 8, what is -200 + -16?
-216
In base 13, what is a9 + 2?
ab
In base 6, what is 15 + -542?
-523
In base 16, what is 98 - 3?
95
In base 15, what is -5 + -129?
-12e
In base 10, what is 4 - -26?
30
In base 5, what is 204 + 43?
302
In base 12, what is 0 - -46?
46
In base 5, what is 10 + -30?
-20
In base 2, what is -101 - 110011?
-111000
In base 7, what is -162 + -1?
-163
In base 4, what is 2223 + 2?
2231
In base 8, what is -6 - 77?
-105
In base 11, what is 402 - 12?
3a0
In base 12, what is 14 - b?
5
In base 15, what is -3 - -98?
95
In base 8, what is -2725 + 5?
-2720
In base 12, what is 39 + -3a?
-1
In base 2, what is 11011 - 100010001?
-11110110
In base 6, what is 124 - -10?
134
In base 10, what is 0 + -297?
-297
In base 6, what is 123 + -22?
101
In base 8, what is -16630 - 1?
-16631
In base 14, what is -6 + 5?
-1
In base 9, what is 20 + -33?
-13
In base 15, what is -1154 + 2?
-1152
In base 9, what is -1431 - -2?
-1428
In base 14, what is -78 + -9?
-83
In base 11, what is -2 + 635?
633
In base 4, what is 3002 - -3?
3011
In base 4, what is -2032 - -10?
-2022
In base 3, what is 1011 - 10?
1001
In base 7, what is -150 + 403?
223
In base 6, what is 3552 - 5?
3543
In base 2, what is -1010100100 + -1?
-1010100101
In base 5, what is -2311 - -3?
-2303
In base 8, what is 102 + -31?
51
In base 4, what is -12 + 13113?
13101
In base 8, what is 1 + 526?
527
In base 16, what is 6b + -d?
5e
In base 8, what is 3 + -1043?
-1040
In base 11, what is -3a + 39?
-1
In base 4, what is -12303 + 0?
-12303
In base 2, what is 10 - 1000010?
-1000000
In base 14, what is 32 - -b?
3d
In base 9, what is -1067 + 11?
-1056
In base 16, what is 7b - 19?
62
In base 5, what is -121 - 22?
-143
In base 8, what is -3 + 121?
116
In base 11, what is -4 + 431?
428
In base 10, what is -149 - 1?
-150
In base 4, what is 1 + 102?
103
In base 15, what is 6 - -b6?
bc
In base 6, what is -34 + 20?
-14
In base 8, what is -1 - 57?
-60
In base 8, what is 3 - 2?
1
In base 9, what is -2 - 416?
-418
In base 11, what is 773 - 0?
773
In base 3, what is -100 - -10101?
10001
In base 7, what is 24 - 12?
12
In base 14, what is 2 - 24?
-22
In base 10, what is 2 + -2992?
-2990
In base 3, what is -1101 - -1?
-1100
In base 3, what is -211 + -102?
-1020
In base 9, what is 886 + 1?
887
In base 11, what is 4 - -769?
772
In base 14, what is -1 - bd4?
-bd5
In base 7, what is 1 + 11416?
11420
In base 15, what is -1 + -b98?
-b99
In base 10, what is -41828 + -1?
-41829
In base 8, what is 35 + 21?
56
In base 14, what is -1 - -1b?
1a
In base 9, what is 28 - 213?
-174
In base 2, what is 101 - 10011?
-1110
In base 9, what is -1 + -663?
-664
In base 13, what is 440 + 2?
442
In base 12, what is 3 - 8?
-5
In base 11, what is -6456 + -3?
-6459
In base 4, what is -32000 + -1?
-32001
In base 5, what is -1430 - -2?
-1423
In base 7, what is 6 - -30?
36
In base 4, what is -10 + -20?
-30
In base 3, what is -112 + 20111?
12222
In base 7, what is -4 + 6551?
6544
In base 7, what is -5 - -2215?
2210
In base 5, what is -214 + -13?
-232
In base 4, what is 333 + 10?
1003
In base 7, what is 21 + 164?
215
In base 11, what is -61 - 97?
-148
In base 16, what is 1 - -4d1?
4d2
In base 5, what is -3 + -1111?
-1114
In base 4, what is 13 + 1213?
1232
In base 13, what is -a49 - -b?
-a3b
In base 6, what is 5 + 20?
25
In base 10, what is 3157 - 2?
3155
In base 5, what is -10 + -104?
-114
In base 11, what is -221 + 3?
-219
In base 8, what is -21 + -23?
-44
In base 3, what is 10012110121 + 11?
10012110202
In base 4, what is 2223 + 20?
2303
In base 12, what is -13 - 5?
-18
In base 14, what is 94a4 + 1?
94a5
In base 15, what is 1 - -11e6?
11e7
In base 6, what is -100 + -1?
-101
In base 13, what is -5 - 1b40?
-1b45
In base 11, what is -4 + -64?
-68
In base 14, what is -5c + -1?
-5d
In base 9, what is -30 + 26?
-3
In base 7, what is 4 - 6405?
-6401
In base 7, what is -2333 + -3?
-2336
In base 10, what is -486 + 1?
-485
In base 7, what is -1611 - -5?
-1603
In base 4, what is 12203 + -3?
12200
In base 15, what is 184 + 4?
188
In base 9, what is 4 - -186?
201
In base 10, what is 720 + 1?
721
In base 10, what is 3 + 5?
8
In base 10, what is 2 - -188?
190
In base 14, what is ba + -3?
b7
In base 16, what is 4 + -f?
-b
In base 10, what is -2 - -44?
42
In base 12, what is 0 + -7b?
-7b
In base 7, what is -12 - 435?
-450
In base 14, what is -1 - 300?
-301
In base 13, what is 530 + -1?
52c
In base 7, what is 4 - 2015?
-2011
In base 8, what is -22 - -16?
-4
In base 10, what is 161 + 48?
209
In base 10, what is -461 + -2?
-463
In base 8, what is -347 - 0?
-347
In base 7, what is 215 - -4?
222
In base 11, what is 0 - 7?
-7
In base 7, what is 2 - 14?
-12
In base 13, what is -c + -5?
-14
In base 16, what is -1 + -21?
-22
In base 7, what is -3 - 4563?
-4566
In base 9